 the prime factors of q?
2, 7
Let a(z) = 38*z**3. Let n be a(1). Suppose 5*t + 52 + 88 = 0. Let w = t + n. List the prime factors of w.
2, 5
Let w(g) = -g + 15. Suppose 2*i = -0*i + 22. Let f be w(i). Suppose f*s - 139 + 3 = 0. List the prime factors of s.
2, 17
Let o = 33 - 33. Suppose j + 5 - 20 = o. List the prime factors of j.
3, 5
Suppose 0*r = 8*r - 11808. What are the prime factors of 4/26 - r/(-39)?
2, 19
Let o(m) = -6 - 6 - 13*m + 8 - m. List the prime factors of o(-15).
2, 103
Suppose 42*d = 49*d - 15974. What are the prime factors of d?
2, 7, 163
Let c = -19 - -22. Suppose 8*j - c*j = 10. Suppose j*s + 4 = -2*l + 42, -87 = -5*s - l. What are the prime factors of s?
17
Suppose -3*x + 35*q + 8433 = 30*q, -4*x = -3*q - 11244. List the prime factors of x.
3, 937
Let v(n) = n**2 - 2*n + 7. Let s be v(5). Suppose 815 = 27*u - s*u. List the prime factors of u.
163
Suppose -2*a + 6*a + 4 = -4*p, -2*p = -3*a - 8. Let j = -24 - p. Let o = 51 + j. What are the prime factors of o?
2, 13
What are the prime factors of (-6)/18 + (-6875)/(-15)?
2, 229
Let h = -41 - -44. Suppose -j + 3*x = j - 327, 5*j - 849 = -h*x. List the prime factors of j.
2, 3, 7
Suppose 13*y - 16*y + 1953 = 0. List the prime factors of y.
3, 7, 31
Let w be ((-2)/4)/((-1)/12). Let k(t) = t**3 - 5*t**2 + 14. List the prime factors of k(w).
2, 5
Let p = -24 - -17. What are the prime factors of (222/21)/((-1)/p)?
2, 37
Let v = 2 - 1. List the prime factors of ((-3)/v)/((-12)/184).
2, 23
Suppose 6 = 2*f - 4*r - 24, 0 = 2*r + 6. Suppose 0 = f*t - 6*t - 270. Suppose 0 = -z + 4*z - t. List the prime factors of z.
2, 3, 5
Let l(m) = -m**3 + 10*m**2 + 4*m - 4. Let b be l(10). What are the prime factors of (-1)/(1/(-249))*12/b?
83
Suppose -2*u = -2*w - 198, 5*w = 6*u - 9*u + 329. List the prime factors of u.
103
Let x be -96 + (-8 - (-4 - 0)). Let a = -71 - x. What are the prime factors of a?
29
Let c(r) = -11*r**3 - 4*r**2 + 9. List the prime factors of c(-2).
3
Let r(l) be the first derivative of 5*l**2 + 17*l - 23. What are the prime factors of r(16)?
3, 59
Let f(d) = d**3 + 19*d**2 - d - 3. Let g be (-30)/(-165) + 422/(-22). List the prime factors of f(g).
2
Let r(v) = 2*v + 4. Suppose -3*o - 5*p - 35 = 0, 4*o - o = 2*p - 7. Let x(t) = -t**3 - 6*t**2 - 6*t + 6. Let l be x(o). List the prime factors of r(l).
2, 13
Let z = 9 - 57. Let j = -5 + z. Let r = j - -88. What are the prime factors of r?
5, 7
List the prime factors of 291/1 + 0/(-14).
3, 97
Suppose -3*h - 3*h + 12 = 0. Let p(o) = 3*o - 2. Let i be p(h). What are the prime factors of 12 - (i + -8)*-1?
2
Let l(z) be the third derivative of -z**6/120 + z**5/5 + z**4/24 - 13*z**3/6 + 5*z**2. Let b be l(12). Let x = b + 56. What are the prime factors of x?
5, 11
Suppose -4*r + 2*r = -2*n - 164, 0 = 5*r - 4*n - 415. Suppose -10*k - 2414 + 3634 = 0. Let c = k - r. List the prime factors of c.
5, 7
Let t = 40 + -37. Suppose 0*u - 5*z - 19 = u, 4*u - 9 = -t*z. List the prime factors of u.
2, 3
Let c = 270 + -243. What are the prime factors of c?
3
Suppose -2*s - 287 = -h, 4*s + 417 = h + 132. What are the prime factors of h?
17
Suppose 5*u + 4*c - 12100 = 0, -4*c - 2396 = -2*u + u. List the prime factors of u.
2, 151
Let o(s) = -7*s - 14. Let t be o(-9). Let v(n) = -3 - n**2 + 2*n + t + 13 + 3. What are the prime factors of v(0)?
2, 31
Let o = 2363 - 506. List the prime factors of o.
3, 619
Suppose 0 = -u - s - 37, 4*u + 4*s + s + 148 = 0. Let x = u - -75. What are the prime factors of x?
2, 19
Let w(h) = -h**3 - h**2 - 6*h + 1. Let s be w(-3). Suppose 2*z + 4*p = -s + 163, -3*z = p - 209. List the prime factors of z.
71
Let b = -90 - -89. What are the prime factors of 23 - (b + 1)/((-56)/14)?
23
Suppose -w = 3*w - 2412. Suppose -4*d = -2*d - 2, -2*d = -5*g + w. Suppose 4*s - f = g - 4, -5*f = 2*s - 75. List the prime factors of s.
2, 3, 5
Let q = -63 + 52. Let i(t) = 2*t**2 + 15*t + 21. List the prime factors of i(q).
2, 7
Suppose -36 = 4*c - 8*c. Let h = 11 - c. Suppose -2*b - 5*f + 10 = 0, f - 18 = -h*b - 0*f. List the prime factors of b.
2, 5
Let f be 5*(9/3 + -2). Suppose 5*y - 427 = -2*p, 0*y + f*p = 2*y - 165. What are the prime factors of y?
5, 17
Suppose 100 = -2*r - 4*w, -23 = -5*r + 5*w - 198. Let s be 9/6*7*-2. Let a = s - r. List the prime factors of a.
19
Let z(y) = -y**2 - 9*y + 14. Let a be z(-10). Suppose -a*j + 69 = -3*x, -j - 2*x + 5*x = -24. Let t = j + -3. What are the prime factors of t?
2, 3
Suppose 5*d + 15 = -6*p + 3*p, -3*p = -4*d + 15. Let h be -2 + 0 + d + 11. Let g = 12 + h. What are the prime factors of g?
3, 7
Let r be (4 + -7 - -4)*0. Let a be r/1*(-12)/12. Suppose 3*v = 5*s + 23, a = -3*v + v - s + 37. What are the prime factors of v?
2
Let g(t) = -t**3 - 6*t**2 - 4*t. Let j be g(-6). Suppose -18 = -3*h + 3*a, 7*h - 3*h = -5*a + j. What are the prime factors of h/8*(-16)/(-6)?
2
Let p = -25 - -28. Suppose -p*o + 12 = o. Let a(z) = z**3 - 3*z**2 + 3*z - 3. List the prime factors of a(o).
2, 3
Let a(w) be the third derivative of -w**6/120 + w**5/60 - 5*w**4/24 - 7*w**3/6 + 11*w**2. List the prime factors of a(-5).
2, 3, 7
Suppose 5*t = -y + 14, -7*y + 3*y + 22 = 3*t. Suppose -u + 321 = v, y*u = 5*v - 1319 - 313. List the prime factors of v.
2, 3
Suppose -6*a = -8*a. Suppose -d - 11 = -2*t, -2*t + a*t + 5*d + 15 = 0. Suppose -4*z + 75 = z + t*l, -75 = -5*z + 2*l. What are the prime factors of z?
3, 5
Let p(j) = -j**3 - 5*j**2 + 4*j + 3. Let n be p(-4). Let w(s) = s**2 - 13*s + 10. Let y be w(11). Let u = y - n. List the prime factors of u.
17
Suppose 2*a = 7*a - 555. Let p be (-3)/(-6)*-33*224/48. Let k = a + p. List the prime factors of k.
2, 17
Let n(h) = -h**3 - h**2 - h - 1. Let z be n(-1). Suppose -2*k - m + 197 = z, -k + 128 = 4*m + 40. What are the prime factors of k?
2, 5
Let t(x) = 116*x**3 + x**2 - x - 1. Suppose q = -4*y + 7, 5*y - 4*q = 4 - 11. List the prime factors of t(y).
5, 23
Suppose 0 = -0*j - 4*j + 792. Let n = j - 98. List the prime factors of n.
2, 5
Suppose -5*i = k + 3*k + 139, -5*i - 2*k = 147. Let u = i + 80. Suppose 41 + u = 2*j. What are the prime factors of j?
3, 5
Let b(n) = 175*n + 956. List the prime factors of b(18).
2, 2053
Suppose 1 = 3*n + 16. Let z(s) = 5*s + 10. Let p be z(n). Let u = -11 - p. List the prime factors of u.
2
Suppose -5*g - 2907 = -4*r - 0*g, 0 = r - 4*g - 735. What are the prime factors of r?
3, 241
Suppose 0 = 3*r - 15, -r - 3613 = y - 4*y. What are the prime factors of y?
2, 3, 67
Suppose -4*z + 5*v - 8 = 0, -z - 3*v = -0*v - 15. Let d(u) = u**2 + u - 3. Let g be d(z). List the prime factors of (24/g)/((-1)/(-9)).
2, 3
Let p be -1*(4/(-1) - -21). What are the prime factors of (p/2)/(5/(-10))?
17
Suppose 3*i = i - p - 118, -4*p + 77 = -i. Let b = i + 111. What are the prime factors of b?
2, 5
Suppose 101 = h - 4*f, 11*f = h + 13*f - 101. Suppose -11 = -4*j + h. List the prime factors of j.
2, 7
Suppose 46 + 20 = 33*v. Let h(a) = -3*a. Let z be h(-1). Suppose 15 = -z*w, -v*o - 67 = -6*o - 5*w. What are the prime factors of o?
23
Suppose -3*v = -10 + 4, 338 = 2*c + 3*v. What are the prime factors of c?
2, 83
Let l(o) = o**2 - 2*o + 1. Let v be l(3). Suppose v*d - 8 = -q - 677, 4*d - 2*q + 678 = 0. List the prime factors of 1*-3 - d/8.
2, 3
Let g(w) = -4*w + 3*w - 5 - w**3 - 4*w + 5*w**2 + 2*w**3. Suppose 4*i - 4*a = -32, 2*i + 2*a = 2 - 6. List the prime factors of g(i).
2, 5
Let v be 1/(-4) + 325/52. Suppose -655 = v*z - 11*z. List the prime factors of z.
131
Let i be (-36)/54 + 292/6. Let w = i - 35. Suppose w = 4*u - 7. List the prime factors of u.
5
Let h(j) be the second derivative of -j**5/10 + j**3/6 + 87*j**2 + 37*j. List the prime factors of h(0).
2, 3, 29
Let f(p) = -6 - 4*p + 6*p**2 - 5*p**2 + 2*p - p. Let v(o) = o**3 + 4*o**2 + 2*o + 2. Let t be v(-2). List the prime factors of f(t).
2, 3
Let d = -142 - -146. Suppose 0 = u - 0*u + t - 187, 3*u - 559 = -d*t. List the prime factors of u.
3, 7
Let l = -922 + 1303. What are the prime factors of l?
3, 127
Let u(a) = 85*a - 420. List the prime factors of u(26).
2, 5, 179
Let q = -10 - -10. Suppose q = -0*m + 2*m. What are the prime factors of m + 1 - (-65 - -4)?
2, 31
List the prime factors of (-189 - -196) + (-1)/(2/(-9614)).
2, 29, 83
Let k be (3/(-9))/(1/(-36)). Let c = k + -24. List the pr